se -66 = -5*r - 4*j + 3*j, -55 = -4*r - 3*j. Calculate the highest common divisor of r and 598.
13
Suppose -6*v = 3*v - 315. Let j = 28 - v. Let q be (-5)/(-35) + (-125)/j. What is the greatest common divisor of q and 27?
9
Let a(f) = 11*f + 7. Let v be a(3). Suppose w - 1 = -27. Let i = -10 - w. Calculate the highest common factor of v and i.
8
Let p = 57 + -48. Let q = 60 + -45. Calculate the greatest common factor of q and p.
3
Let u(c) = -3*c**2 + c. Let v be u(1). Let d(t) = -17*t + 10. Let l be d(v). What is the highest common factor of l and 22?
22
Let r(p) = -p**2 + 3*p + 1. Suppose -3*x - 12 = -3*u, 2*u - u - 8 = 5*x. Let o be r(u). Let l be -22*o/4*-2. What is the highest common factor of 1 and l?
1
Suppose 3*v + 96 + 21 = 0. Let s = -26 - v. Let i = 193 - 128. Calculate the highest common factor of i and s.
13
Let h be 1456/64 - (-3)/12. Let y(i) = -2 - 1 - 3*i + 15*i**2 + 7*i. Let n be y(4). Calculate the greatest common factor of h and n.
23
Let z be (-4)/5*10*-3. Suppose -2*j + 5*j = 504. Calculate the greatest common divisor of z and j.
24
Let i be 4/(-26) + 100/(-26). Let l = -10 - i. Let s be l/((-48)/(-70))*-4. Calculate the highest common factor of s and 7.
7
Let h = -674 - -1073. Calculate the greatest common factor of 114 and h.
57
Let k = 62 - 7. Suppose 80 = 9*i - 100. Let c be (-44)/(-2) + (i - 20). Calculate the greatest common divisor of c and k.
11
Suppose -g + 3*z + 9 = 0, 4*z = 3*g + 2*g - 34. Let b be -9*3/g*2. Let o be 4/(4*(-3)/b). What is the highest common factor of o and 2?
1
Suppose 2 = 4*o + 6, 2*o = -4*l + 294. Let a = l - -50. What is the greatest common divisor of 31 and a?
31
Let z = 51 + 24. What is the highest common factor of 30 and z?
15
Let g(l) = 24*l**2 + 5*l - 7. Let m be g(3). What is the highest common factor of 32 and m?
32
Let j(z) = 40*z + 352. Let q be j(-8). Calculate the greatest common divisor of 2 and q.
2
Let p = 1 + -8. Let i(y) = -4*y - 16. Let k be i(p). What is the highest common factor of 48 and k?
12
Suppose -4*d = h - 20, 8*h = 5*h + 3*d. Let n = 3 + -2. What is the greatest common divisor of n and h?
1
Let j be (0 + 2)*6/4. Suppose -j*d - 11 + 38 = 0. What is the highest common divisor of d and 18?
9
Let m be 35 - ((-36)/66)/(2/(-22)). What is the greatest common factor of m and 16?
1
Suppose 4*p - 23 = 5*a, 2*p + 2*a = 20 + 14. Calculate the greatest common divisor of 32 and p.
4
Let y = -1948 + 1967. What is the highest common divisor of 171 and y?
19
Let r be 7 - 8 - (-93 - 4). What is the highest common divisor of 84 and r?
12
Suppose -a = 4*m - 245, 20 - 30 = -2*a. Let b(l) = 2*l - 8. Let v be b(10). What is the greatest common factor of m and v?
12
Let v = 13 - 11. Suppose -3*o - v*o = 105. Let i = -7 - o. What is the greatest common factor of i and 14?
14
Let j(r) = 39*r - 8. Let q be j(2). Suppose -4*y + 3*c = -56, 3*c - q = -5*y - 2*c. What is the greatest common divisor of y and 154?
14
Suppose -8 = 275*v - 277*v. What is the highest common divisor of 196 and v?
4
Let m(h) be the second derivative of -9*h**5/10 + h**4/4 + h**3/3 + h**2/2 + 7*h. Let c be m(-1). Calculate the greatest common divisor of c and 12.
4
Let l(d) = -2*d**3 - 2*d**2 - 5. Let u be l(-4). Suppose p - 144 = -131. What is the highest common divisor of u and p?
13
Let h = 1142 - 1140. Calculate the highest common divisor of h and 162.
2
Let z(d) = 7*d**2 - 4*d**2 + 5*d + 2*d**2 + 0*d - 14. Let r be z(-7). What is the highest common factor of r and 28?
28
Let z be (2 - (7 - 3)) + (-39 - -635). Calculate the greatest common divisor of z and 27.
27
Suppose 3*x - 7 = -4*b - 0*b, 20 = -4*b. Let f(r) = 3*r - 13. Let l be f(8). Let a = l - x. Calculate the highest common factor of 2 and a.
2
Let s be (-3)/39*-583 + 44/286. Calculate the greatest common divisor of s and 27.
9
Let q = 28 + -21. Let b(h) = h**2 + 10*h - 23. Let x be b(q). Calculate the greatest common divisor of x and 64.
32
Suppose -53*l + 55*l - 128 = 0. What is the highest common divisor of 352 and l?
32
Let b be ((-55)/(-3))/((-95)/(-114)). Calculate the greatest common divisor of b and 11.
11
Suppose 5*r = -8*d + 1116, -7*r + 8*r - 218 = d. Let k(x) = 19*x + 1. Let a be k(1). Calculate the greatest common divisor of r and a.
20
Let x = 33 + -9. Let s be ((-34)/5)/(4/(-80)*-4). Let i = s - -94. Calculate the greatest common factor of i and x.
12
Let n(w) = 6*w**2 - 2*w + 27. Let p be n(0). What is the greatest common divisor of 189 and p?
27
Suppose -69*l = -15456 - 13248. What is the highest common divisor of 13 and l?
13
Let a = -756 + 773. What is the highest common divisor of 136 and a?
17
Let y(f) = 2*f + 54. Let c be y(-22). Let z be c/(-25)*(-182 + 2). Calculate the highest common divisor of 8 and z.
8
Suppose -4*a + 14 = -p, -a + 7 = -p - 22. Let f = p - -59. Calculate the highest common factor of f and 225.
25
Let h = -52 - -46. Let l be (h + 6)/(-1) + 108. Suppose 2*c = r - 0*c - 18, 33 = 4*r + 5*c. What is the highest common factor of l and r?
12
Let t = 22 - 11. Let d be 0 + ((-12)/4 - -6). Suppose t + 13 = d*r. What is the greatest common factor of 8 and r?
8
Let n be (8 - (-115)/(-15))*57. What is the highest common divisor of 95 and n?
19
Let y = 6 + -5. Let b = 24 - 17. Let t = -5 + b. What is the highest common factor of y and t?
1
Let q be ((-2)/4)/(1/(-72)). Let j be (5/(-50) - (-6)/(-15))*-18. Calculate the highest common factor of j and q.
9
Suppose 4*l = -p + 129, -3*p + 55 + 284 = -4*l. Calculate the greatest common factor of p and 312.
39
Suppose 0 = 5*m - 15 - 20. Let y(t) = -t + 37. Let g = 84 + -96. Let q be y(g). What is the highest common factor of m and q?
7
Suppose 0 = 8*j - 3*j - 25. Let x(z) = 2*z**2 + 4*z + 3. Let f be x(j). Suppose -f - 29 = -2*r. Calculate the greatest common factor of r and 34.
17
Let p(h) = -h + 7. Let l be p(4). Suppose 4*s - s = -l. Let w be (-3129)/(-49) + s/(-7). Calculate the highest common divisor of 16 and w.
16
Let l = 38 - 25. Let s = 25 + -12. What is the greatest common factor of s and l?
13
Let w(d) = 2*d**3 + d. Let q be w(1). Suppose -a = q*a - 16. Let g(b) = -b**2 + 11*b - 8. Let i be g(10). Calculate the greatest common divisor of i and a.
2
Let n be (-27)/36*-4 - -655. Calculate the highest common divisor of 282 and n.
94
Suppose 5*r + 4*q - 6*q = 111, 4*r - 100 = -4*q. Suppose -21107 = 6*h - 21245. Calculate the highest common divisor of r and h.
23
Suppose 63*y = 7*y + 130200. What is the highest common divisor of 93 and y?
93
Let t(o) = -o**2 + 1. Let q be t(-5). Let h be 45*((-12)/q)/((-5)/(-16)). What is the highest common divisor of h and 24?
24
Suppose g = 5*p, -2*p - 2*p = -2*g. Suppose -m = -g*m - 4*d + 1, -3*d = -3*m + 24. Calculate the highest common divisor of 44 and m.
11
Let m(w) = w**3 + 14*w**2 + 23*w - 6. Let p be m(-12). Suppose -3*c = 3*y - 240, -p*c + 4*c + 391 = 5*y. What is the greatest common divisor of y and 11?
11
Suppose 4802 - 19712 = -179*l + 6033. Suppose 0 = -5*m + 4*s + 5 + 44, -m = -2*s - 5. What is the highest common divisor of l and m?
13
Let f(r) = r**3 - 39*r + 28. Let k be f(7). Calculate the highest common divisor of k and 42.
14
Let g(i) = i**3 - 10*i**2 + 8*i - 168. Let v be g(11). Calculate the highest common factor of 123 and v.
41
Suppose -2*d - 82 = 3*x - 348, d = -4*x + 363. What is the greatest common factor of x and 20?
4
Let j(d) = d**2 + 7*d + 4. Let o be j(-8). Let f = 24 + o. What is the greatest common divisor of f and 4?
4
Let c be 41 + 37 + (-7 - 1). Calculate the greatest common factor of c and 80.
10
Let o be -3 + 5 + (1 - 1). Suppose o*g = g + 22. Suppose -2*m - 176 = -3*m. Calculate the highest common divisor of m and g.
22
Suppose 4*m - 40 = -m. Let p(a) = 10 + 12*a + 5 - 12. Let v be p(m). What is the greatest common factor of 9 and v?
9
Suppose -30 = 2*v - 2*h, -2*v - 21 = -4*h + 5. Suppose -2*f - d - 18 = -3*f, -3*f + 5*d = -46. Let n = f + v. Calculate the highest common factor of 40 and n.
5
Let n(g) = 2*g**3 - 68*g**2 - g + 37. Let u be n(34). What is the highest common factor of 201 and u?
3
Suppose 6*x - 4*x = -2. Let z = -2 + x. Let y(n) = -15*n + 3. Let t be y(z). Calculate the greatest common divisor of t and 6.
6
Suppose -9*w + 0*w + 117 = 0. Let q be (-2 - -4) + 0 - 0. Suppose 0 = -z - 3, -3